actor of b and 64.
16
Suppose 2 + 2 = 2*f. Let i be (-3 - -1)/(f/(-5)). Suppose -3*t = 3*y - 6, -28 = -i*y - 3*t + 7*t. What is the greatest common divisor of 4 and y?
4
Let r be (-3)/3*-58 - 4. Calculate the highest common divisor of 36 and r.
18
Suppose 271*o - 72 = 267*o. Calculate the highest common divisor of 234 and o.
18
Let i = 682 - 384. Let o be (-2)/(-5) - i/(-5). Calculate the highest common divisor of o and 15.
15
Let y(n) = n + 10. Let k be y(6). Calculate the highest common divisor of 32 and k.
16
Suppose 82 = -3*k + 490. Suppose o + 5*w = -4, -2*o = 3*o - 2*w - 34. Let u = 23 - o. What is the highest common divisor of u and k?
17
Let g = 3 + 3. What is the greatest common factor of g and 9?
3
Let r be (-2)/(-3)*(-66)/(-4). Suppose 5*t - 99 - r = 0. Suppose -5*z - 5*v = 0, -z - 2 = -5*z - 3*v. What is the highest common factor of z and t?
2
Let y = -15 - -27. Let v = -3 + y. Suppose -17 - 1 = -3*c. Calculate the greatest common divisor of c and v.
3
Let i(h) be the second derivative of h**4/12 - h**3/6 + 3*h. Let p be i(-1). Let z be 33/p*96/9. Calculate the highest common factor of z and 22.
22
Let o be ((-3)/6)/(2/(-20)). Suppose 3*t + 3*y = 5*t - 24, 4*t - 46 = o*y. What is the highest common divisor of t and 27?
9
Let n(k) = -k**3 - 9*k**2 + 8*k + 11. Let r be n(-10). Calculate the greatest common factor of 93 and r.
31
Let z(i) = -i**2 - 14*i + 19. Let p be z(-15). What is the highest common divisor of p and 28?
4
Suppose -3*u - 2*u + 680 = 0. Calculate the highest common divisor of u and 34.
34
Let g(y) = -72*y - 4. Let n be g(-4). Suppose n = 3*c + 14. Suppose -v - 2 = -20. What is the highest common factor of v and c?
18
Suppose -m - 2*b + 2 = 8, -10 = m + 3*b. What is the highest common factor of m and 2?
2
Suppose 4*c = 2*c + 42. What is the greatest common divisor of 168 and c?
21
Let f be 112/6*(-3 - 42/(-4)). What is the greatest common divisor of 35 and f?
35
Let w = -12 + 15. What is the greatest common divisor of 33 and w?
3
Suppose 5*t - 515 = -3*g, -g = 3*g - 5*t - 745. What is the greatest common divisor of 12 and g?
12
Suppose -6*d + 46 = -5*d. Calculate the greatest common divisor of d and 115.
23
Let c be ((-6)/(-7))/(12/56). Let k be (66/c)/(2/4). What is the highest common divisor of 11 and k?
11
Let g(n) = n**3 - 8*n**2 - 10*n + 11. Let y be g(9). Calculate the highest common factor of y and 2.
2
Let q(o) = -28*o. Let b be q(-2). Let m be 6/(-8) + (-700)/(-16). Let u = m - 29. What is the highest common divisor of u and b?
14
Let u be 13/(273/108)*28. What is the greatest common divisor of u and 18?
18
Let o(q) = q**3 + 9*q**2 + 9*q + 5. Let w be o(-8). Let v be w + 3 + -2 - -10. Calculate the highest common factor of 64 and v.
8
Suppose -4*c + 18 = 5*z, 2*c = 3*c + 5*z - 12. Suppose c - 5 = -d. What is the highest common factor of 24 and d?
3
Let j(o) be the third derivative of -1/24*o**4 - 1/3*o**3 + 0*o + 0 + o**2. Let u be j(-7). What is the highest common factor of 35 and u?
5
Let b(y) = -9*y. Let s be b(-1). Suppose -35 + 10 = -25*h. Calculate the greatest common divisor of h and s.
1
Let m(t) = -7*t - 1. Let u(r) = 8*r. Let p(c) = 3*m(c) + 2*u(c). Let z be p(-3). Calculate the highest common divisor of 12 and z.
12
Let m = 33 - 16. Suppose -f = 3*d - m, -4*f - 4*d + 42 = 6. Suppose 3*x - 8 = 2*x + 2*n, f*x = 3*n + 26. Calculate the highest common factor of x and 28.
4
Let p(f) = f**3 + 8*f**2 + 5*f - 9. Let v be p(-7). Suppose v*a - 3*a - 40 = 0. Calculate the greatest common factor of a and 20.
20
Suppose 0*r - m - 73 = -2*r, -5*m = 3*r - 77. What is the greatest common divisor of 272 and r?
34
Let o = 22 + 6. What is the highest common factor of 70 and o?
14
Suppose -2*q = 4*z - 14, -3*z - 47 = -5*q - z. Let o = q + -3. What is the greatest common divisor of 30 and o?
6
Suppose 17 = 2*o - 7. Suppose 5*m - 2*m + t - 400 = 0, 0 = 5*m + 5*t - 680. Calculate the highest common divisor of m and o.
12
Suppose 0 = -3*j + 4*j - 5*l - 89, 0 = -4*j - 3*l + 425. Calculate the greatest common factor of j and 26.
26
Suppose -r - 326 = -5*r + 3*u, -r + u = -82. Let j(z) = -6 + 12*z**2 + 5*z + 2 - 11*z**2. Let s be j(-7). What is the highest common divisor of s and r?
10
Let z(t) = t**2 - t - 1. Let y be 4/(-6)*(-3)/(-2). Let c be z(y). Calculate the greatest common divisor of c and 2.
1
Let i = -19 - -22. Let y be (-64)/i*135/(-18). Calculate the greatest common factor of 16 and y.
16
Let b = -9 - -59. Calculate the greatest common divisor of 70 and b.
10
Let h(v) = 24*v**2 - 2*v - 2. Let b be h(2). Let r = -31 - -76. Let t = r - 27. Calculate the greatest common factor of t and b.
18
Let o(i) = i**3 + 11*i**2 + i + 14. Let q be o(-11). What is the highest common factor of 1 and q?
1
Let s be (-1)/(-2) - 222/(-12). What is the greatest common divisor of 57 and s?
19
Suppose 0 = 4*y + y + 5. Let n(f) = f**2 + f - 4. Let l be n(0). Let b = y - l. What is the greatest common factor of b and 12?
3
Suppose -l + 5*g = -29 - 75, 0 = 3*l - 4*g - 290. Let a = l + -67. What is the highest common divisor of a and 9?
9
Suppose 3*x + 5*p = -26 + 76, 2*x - 34 = -4*p. Let m = 51 + x. What is the greatest common factor of 11 and m?
11
Let c(z) = z**2 - 5*z + 4. Suppose 4*f - 21 - 19 = 0. Let y be c(f). Calculate the highest common divisor of 6 and y.
6
Let z(l) = l - 3. Let m be z(7). Suppose 7*j = m*j + 30. What is the highest common divisor of j and 2?
2
Let r(g) be the third derivative of g**5/10 - g**4/4 + 3*g**3/2 + g**2. Let l be r(7). Calculate the highest common factor of l and 29.
29
Let o be 10/(-6)*(-36)/12. Suppose 5 = -o*g, 4*n + 18 - 103 = 5*g. Calculate the highest common factor of n and 50.
10
Let q be (-4 + 1)*(-4)/6. Suppose -5*p = -20, -39 = -q*k - 4*p - 5. What is the greatest common divisor of k and 3?
3
Let z be (-1008)/(-102) + (-10)/(-85). What is the highest common divisor of 4 and z?
2
Let f = -19 - -23. Calculate the highest common divisor of f and 44.
4
Suppose 2*f = -5*t + 3*f + 178, -4 = -2*f. Calculate the greatest common factor of 18 and t.
18
Let y(r) = 7*r**3 - 3*r**2 + 4*r - 2. Let p be y(1). What is the highest common divisor of 42 and p?
6
Let r be (-12)/4 - 2*-86. What is the greatest common factor of 13 and r?
13
Let q = -241 + 493. Calculate the greatest common divisor of 28 and q.
28
Let x = 29 - 45. Let g be 1/(2*1/56). Let l = x + g. What is the highest common factor of l and 96?
12
Let o(z) = -7*z - 1. Let h be o(-1). Let t be 0/(3/h*4). Suppose -b - 9 = -2*y, -3*y + y + 10 = t. What is the highest common factor of b and 2?
1
Let f = -85 + 145. Suppose 1 = -3*l + 37. Calculate the highest common divisor of l and f.
12
Let h = 8 + 1. Calculate the highest common divisor of 81 and h.
9
Let x = -32 - -48. Suppose 2*z = 6*z - x. Calculate the greatest common divisor of z and 36.
4
Suppose v = 3*v - 90. Let b = v - -70. What is the greatest common factor of 46 and b?
23
Suppose 3*h - 5*h = -10. Suppose i + 11 = -3*o, i - o + 2 = 11. Suppose -93 - 87 = -i*v. Calculate the highest common factor of h and v.
5
Let o = 25 + -5. Let b(x) be the third derivative of 7*x**5/60 - x**4/6 - x**3/6 - x**2. Let p be b(3). Calculate the highest common factor of p and o.
10
Let t(u) = -u + 6. Let z be t(-6). Suppose -5*i - 11 = -m, 0 = -6*m + 5*m + i + 7. What is the highest common divisor of z and m?
6
Suppose 4 - 25 = z. Let f be -12*z/6 - 2. Suppose f - 10 = 5*g. Calculate the highest common divisor of 48 and g.
6
Let j = 1413 - 1408. Suppose -4*v = -5*v + 20. Calculate the highest common divisor of v and j.
5
Suppose -2*j + 2*l - 3 = 1, 5*j = -3*l - 2. Let h be 4*(-2 + 3) + j. Let p = h + 10. What is the highest common divisor of 13 and p?
13
Suppose 64 + 0 = 4*j. Calculate the highest common divisor of 16 and j.
16
Let j(z) = z**2 - 11*z + 4. Let m be j(11). Let g be (20/(-2))/((-8)/m). What is the greatest common factor of 40 and g?
5
Let x be (2/1)/(6/24). What is the highest common divisor of 64 and x?
8
Suppose 4*u = -2*d + 10, 0*u + u = 2*d - 15. Let k be (-30)/8 - 1/4. Let o = k - -11. Calculate the greatest common factor of d and o.
7
Let k be 1 + 0 + 1 - 126/(-3). What is the greatest common divisor of k and 4?
4
Suppose 4*l = -z, -z = -4*l - 4*z. Suppose l*f - 3*f + 36 = 0. Calculate